hen 287373 is divided by 85?
73
Calculate the remainder when 3744315 is divided by 281.
271
Calculate the remainder when 1327461 is divided by 6382.
5
Calculate the remainder when 55918248 is divided by 5322.
5316
What is the remainder when 14864 is divided by 4174?
2342
What is the remainder when 64465269 is divided by 415?
414
What is the remainder when 20719684 is divided by 638?
634
Calculate the remainder when 45259961 is divided by 8180.
21
Calculate the remainder when 113196981 is divided by 2008.
2005
Calculate the remainder when 742227 is divided by 38.
11
What is the remainder when 88710 is divided by 4028?
94
Calculate the remainder when 243893 is divided by 890.
33
What is the remainder when 204854 is divided by 5216?
1430
What is the remainder when 4168050 is divided by 571?
321
Calculate the remainder when 408901 is divided by 51111.
13
Calculate the remainder when 48582 is divided by 367.
138
Calculate the remainder when 6018434 is divided by 512.
386
What is the remainder when 1063519 is divided by 689?
392
Calculate the remainder when 1934320 is divided by 39.
37
Calculate the remainder when 30464103 is divided by 162043.
19
What is the remainder when 47739970 is divided by 72?
10
What is the remainder when 8552141 is divided by 23?
5
Calculate the remainder when 2983265 is divided by 142049.
236
What is the remainder when 54822 is divided by 428?
38
Calculate the remainder when 11136695 is divided by 11136684.
11
What is the remainder when 46193074 is divided by 113776?
18
What is the remainder when 8252994 is divided by 1650598?
4
What is the remainder when 245127 is divided by 122?
29
What is the remainder when 2701575 is divided by 450262?
3
What is the remainder when 6056798 is divided by 27406?
72
Calculate the remainder when 3732915 is divided by 57.
42
Calculate the remainder when 1127920 is divided by 281977.
12
Calculate the remainder when 27863 is divided by 29.
23
Calculate the remainder when 148938 is divided by 905.
518
Calculate the remainder when 620333 is divided by 683.
169
What is the remainder when 1079097 is divided by 146?
11
Calculate the remainder when 171012 is divided by 48.
36
Calculate the remainder when 39467130 is divided by 84.
66
What is the remainder when 15366421 is divided by 69?
52
Calculate the remainder when 188094145 is divided by 224.
1
Calculate the remainder when 4203488 is divided by 10.
8
Calculate the remainder when 1126752 is divided by 3899.
3840
Calculate the remainder when 115038 is divided by 28744.
62
What is the remainder when 398070834 is divided by 22?
18
Calculate the remainder when 42265213 is divided by 95.
93
Calculate the remainder when 218826 is divided by 218806.
20
What is the remainder when 36649 is divided by 4565?
129
Calculate the remainder when 113691 is divided by 655.
376
What is the remainder when 12283 is divided by 2450?
33
What is the remainder when 26448038 is divided by 101?
77
What is the remainder when 485687 is divided by 242736?
215
What is the remainder when 22271401 is divided by 5617?
5613
Calculate the remainder when 33385964 is divided by 5850.
14
What is the remainder when 30148233 is divided by 3923?
3901
Calculate the remainder when 466030 is divided by 227.
226
What is the remainder when 148323 is divided by 148322?
1
Calculate the remainder when 544454 is divided by 1031.
86
What is the remainder when 17045 is divided by 7581?
1883
What is the remainder when 764242 is divided by 79?
75
What is the remainder when 108886516 is divided by 60?
16
What is the remainder when 182691068 is divided by 181?
166
What is the remainder when 30740992 is divided by 155?
152
What is the remainder when 1601762 is divided by 763?
225
Calculate the remainder when 496677 is divided by 575.
452
Calculate the remainder when 5819154 is divided by 9.
6
Calculate the remainder when 207425 is divided by 4404.
437
What is the remainder when 22368 is divided by 2187?
498
What is the remainder when 14735813 is divided by 2455968?
5
What is the remainder when 2228891 is divided by 54?
41
Calculate the remainder when 17362077 is divided by 5547.
5514
Calculate the remainder when 2032178 is divided by 611.
603
Calculate the remainder when 10806396 is divided by 1543768.
20
Calculate the remainder when 156624 is divided by 327.
318
What is the remainder when 322192536 is divided by 80548131?
12
Calculate the remainder when 240616 is divided by 733.
192
Calculate the remainder when 2112978 is divided by 50304.
210
Calculate the remainder when 3594811 is divided by 23.
3
Calculate the remainder when 441485 is divided by 31527.
107
Calculate the remainder when 12350897 is divided by 138774.
11
What is the remainder when 5210637 is divided by 1302659?
1
Calculate the remainder when 839159 is divided by 2334.
1253
Calculate the remainder when 15452398 is divided by 316.
314
Calculate the remainder when 27793 is divided by 1292.
661
Calculate the remainder when 632116 is divided by 137.
135
What is the remainder when 6548660 is divided by 232?
228
What is the remainder when 2692718 is divided by 336584?
46
Calculate the remainder when 2307485 is divided by 2734.
2723
Calculate the remainder when 527616 is divided by 808.
800
Calculate the remainder when 205834 is divided by 536.
10
What is the remainder when 12061476 is divided by 191452?
0
What is the remainder when 75302928 is divided by 13?
12
Calculate the remainder when 1487530 is divided by 21.
16
Calculate the remainder when 162621 is divided by 162345.
276
What is the remainder when 78173 is divided by 6502?
149
Calculate the remainder when 613440 is divided by 378.
324
Calculate the remainder when 430406 is divided by 1095.
71
What is the remainder when 605311 is divided by 149412?
7663
Calculate the remainder when 1035985 is divided by 138.
19
Calculate the remainder when 6811464 is divided by 91.
23
Calculate the remainder when 275536 is divided by 359.
183
Calculate the remainder when 7388901 is divided by 441.
387
Calculate the remainder when 2806633 is divided by 23005.
23
What is the remainder when 7439 is divided by 490?
89
What is the remainder when 342194974 is divided by 72?
70
What is the remainder when 68007361 is divided by 2731?
2730
Calculate the remainder when 328233 is divided by 1788.
1029
What is the remainder when 2836423 is divided by 2949?
2434
What is the remainder when 224756 is divided by 33?
26
Calculate the remainder when 13342206 is divided by 746.
742
What is the remainder when 46768794 is divided by 88243?
4
What is the remainder when 106140889 is divided by 572?
569
Calculate the remainder when 9679140 is divided by 201.
186
What is the remainder when 32201291 is divided by 501?
17
Calculate the remainder when 648174 is divided by 38091.
627
What is the remainder when 702028 is divided by 4594?
3740
What is the remainder when 5214570 is divided by 682?
680
Calculate the remainder when 11988 is divided by 10947.
1041
What is the remainder when 1241451 is divided by 103442?
147
Calculate the remainder when 24289997 is divided by 20.
17
What is the remainder when 669467 is divided by 118?
53
Calculate the remainder when 106096987 is divided by 12.
7
Calculate the remainder when 268198 is divided by 19152.
70
What is the remainder when 3642042 is divided by 280157?
1
Calculate the remainder when 1977554 is divided by 329581.
68
Calculate the remainder when 8475209 is divided by 370.
359
Calculate the remainder when 580772 is divided by 929.
147
Calculate the remainder when 1580649 is divided by 20258.
525
What is the remainder when 492788 is divided by 2036?
76
What is the remainder when 83185 is divided by 13851?
79
Calculate the remainder when 29692378 is divided by 486760.
18
What is the remainder when 1499329 is divided by 34074?
73
What is the remainder when 26664935 is divided by 8?
7
What is the remainder when 39946583 is divided by 184?
183
What is the remainder when 38451 is divided by 35608?
2843
Calculate the remainder when 175477 is divided by 230.
217
What is the remainder when 24425 is divided by 3723?
2087
What is the remainder when 28668 is divided by 139?
34
What is the remainder when 155736 is divided by 157?
149
What is the remainder when 9907106 is divided by 906?
902